 ((-302)/8)/(-1). Let m(f) = 0*f**2 + f - z + 17 + 20 + f**2. What is m(2)?
5
Let j(z) = -9*z**3 - z**2 + 5*z + 5. Let w(o) = -9*o**3 - o**2 + 6*o + 6. Let f(h) = 7*j(h) - 6*w(h). Let x be ((-3)/(9/(-1))*-1)/(6/18). Determine f(x).
8
Let z(f) be the third derivative of -f**8/20160 + f**7/2520 + 7*f**6/720 + 23*f**5/12 - f**2 + 73. Let p(n) be the third derivative of z(n). Calculate p(6).
-17
Let t(f) = -f**2 + 41 + 17*f - 6*f - 34. Suppose 16 = 2*w - 0*w. Give t(w).
31
Suppose -1645 + 1509 = -34*x. Let r(p) be the second derivative of p**2 + p**3 + 0 - 33*p + 1/12*p**x. What is r(-7)?
9
Let l(c) = 3*c + 20. Let t be l(26). Suppose -56*p = -42*p - t. Let y(i) = -i**2 + 6*i - 1. Give y(p).
-8
Let k(z) = z + 16. Let q(t) = -15. Let x(b) = 4*k(b) + 5*q(b). Let p be x(5). Let a(h) be the second derivative of h**3/6 - 3*h**2/2 + 1353*h. What is a(p)?
6
Let l(n) be the third derivative of n**6/120 + n**5/10 - n**4/2 - 5*n**3/6 + n**2 + 460. Give l(-8).
-37
Let a = 61 + -58. Suppose -2*q = -5*q - 21. Let l(o) = -8*o**3 + 4*o. Let u(h) = 7*h**3 - 4*h. Let x(j) = q*u(j) - 6*l(j). Determine x(a).
-15
Suppose -98 = 15*n - 38. Let y(d) = -4*d**3 - 2 + 1 + 3*d + 4 + 5*d + 2*d**2. Let a(f) = 5*f**3 - 2*f**2 - 9*f - 4. Let m(u) = n*y(u) - 3*a(u). Determine m(4).
12
Let k(m) be the first derivative of -51*m**2/2 + 14*m - 1351. What is k(1)?
-37
Suppose 2*v = -22*v + 696. Let q(k) = -8*k - 12*k - 3 + k**2 - 8*k + v*k. Give q(-4).
9
Let a be (-3)/2*(88 - 90). Let u be 5*(0 + (-6)/(-10)). Let h(k) = -k**2 - 3*k + k + a*k + 6 + u. What is h(0)?
9
Let m(j) be the first derivative of 5/2*j**2 + 4 + j. Let d be 20/(-24)*-12 + -8. Determine m(d).
11
Suppose 225 + 309 = 3*z. Suppose 6*h - 443 = -5*n + 3*h, 2*n - z = -2*h. Suppose -n = 9*m + 2*m. Let c(l) = -l**3 - 7*l**2 + 10*l + 6. Calculate c(m).
-10
Let a(u) = u - 4. Let d(y) = -8*y + 38. Let v(q) = -52*a(q) - 6*d(q). Determine v(-3).
-8
Let a = -742 + 748. Let z(l) = l**3 - 4*l**2 - 14*l + 11. Calculate z(a).
-1
Let d(t) = -5*t - 16. Suppose 4*s + 4*a = 3*s + 9, 0 = -5*a + 20. Let u(k) = -2*k - 7. Let f(o) = s*u(o) + 3*d(o). Let v = 3 - 2. Give f(v).
0
Suppose n + 2*g - 5 = 0, -4*n + g + g + 30 = 0. Suppose n*z = 4*z + 57. Suppose 3*q - 4*b + z = 2*q, -2*b + 11 = -q. Let m(d) = -d**2 - d + 4. Calculate m(q).
-2
Let y(b) = 11*b + 3*b + 0*b - 4*b + 69 - 4*b. What is y(-14)?
-15
Suppose c - 2*c - 2 = -4*j, 4*c = -2*j + 10. Suppose -c*d + 16*d = 14. Let n(v) be the first derivative of -15*v**2/2 - 1. What is n(d)?
-15
Let g(p) = p**2 + 9*p - 6. Let d be g(-9). Let k(s) = -s**2 - 10*s + 21. Let m(r) = -r**2 - 9*r + 12. Let x(q) = -2*k(q) + 3*m(q). Calculate x(d).
0
Suppose -36 = -3*w - 2*i - i, i - 48 = -4*w. Let m(a) = 17*a + 16*a + w + 17*a - 49*a. Calculate m(-7).
5
Suppose -i - 15 = -4*i. Let q(a) be the first derivative of -a**3/3 + 3*a**2/2 + 6*a + 1569. Calculate q(i).
-4
Suppose 0 = -5*y + 2*y. Let k(a) = -22*a**3 + 19*a**2 + 3*a - 130. Let j(p) = 7*p**3 - 6*p**2 - p + 41. Let d(n) = -19*j(n) - 6*k(n). What is d(y)?
1
Let o(s) = -18*s**3 - s - 16. Let c(u) = -22*u**3 - 2*u**2 - u - 17. Let i(l) = 5*c(l) - 6*o(l). Give i(-5).
6
Let j(b) = 3*b**3 - b**2 + 2*b - 2. Let d be j(1). Suppose f - d + 1 = 0. Let n(c) = c - 1. What is n(f)?
0
Let n(l) = -5*l - 3. Let w(a) = -8*a - 2. Let i(g) = 9*g + 2. Let q(v) = 4*i(v) + 5*w(v). Let d(t) = 5*n(t) - 7*q(t). Suppose -2 = -4*j + 3*j. What is d(j)?
5
Let a(h) = 15*h - 230. Suppose 21*q + 63*q + 74*q - 2212 = 0. What is a(q)?
-20
Suppose -196 = -3*p - 5*u, 3*u - 6 = 4*p - 306. Let m(s) = 5*s**2 + 7*s - 3*s**2 + p - 67. Determine m(-4).
9
Let x(p) be the third derivative of p**8/6720 + p**7/1260 - p**6/360 + p**5/60 + p**4 - 6*p**2 + 3*p. Let c(r) be the third derivative of x(r). Determine c(-4).
30
Let s = -22646 - -22640. Let t(w) = -w**3 - 9*w**2 - 2*w + 3. Give t(s).
-93
Let r(a) be the second derivative of -a**5/20 + 7*a**4/12 + a**3/3 + 7*a**2/2 - 2747*a. Suppose 0*p - 21 = -3*p. Determine r(p).
21
Let z(f) be the third derivative of -f**4/8 + f**3/6 - f**2. Let n(j) = -j**3 + 9*j**2 + 25*j - 259. Let h be n(8). Determine z(h).
-14
Let u be (6 - -1)/(2/6). Let y(v) = -18*v + 8 - 14*v + u*v + v**2. Determine y(9).
-10
Suppose 0 = 21*d - 42*d + 84. Let y(r) = -r**2 + 7*r - 13. Determine y(d).
-1
Let k(n) be the third derivative of -n**5/60 - 5*n**4/24 + 95*n**3/6 - 371*n**2. What is k(-14)?
-31
Let h(x) be the third derivative of -x**4/24 + x**3 - 2*x**2. Let m(v) = v**2 + 11*v - 100. Let a be m(-17). Let f be 9/a + 12/24. What is h(f)?
1
Suppose -235 - 261 = -8*j. Let u(l) = 8*l**2 + 17 + 5*l - j + 39 + l**3. What is u(-7)?
8
Let c = -523 - -520. Let y = c - -7. Let q(d) = 2*d + 2. Calculate q(y).
10
Let v(d) = -27*d + 18. Let a(n) = 47*n - 38. Let m(t) = 4*a(t) + 7*v(t). What is m(9)?
-35
Suppose 169 = 65*u - 82 - 204. Let r(q) be the first derivative of -u + 1/2*q**2 + 5*q. Give r(-7).
-2
Let r(q) = 3*q**3 + 8*q**2 + 15*q + 25. Let s(h) = -2*h**3 - 5*h**2 - 10*h - 17. Let l(c) = -5*r(c) - 7*s(c). Give l(-5).
19
Suppose 2 = 2*x + 4. Let w(i) be the third derivative of -i**6/60 - i**5/60 + i**4/12 + i**3/3 + 11257*i**2. Calculate w(x).
1
Let b(c) be the first derivative of -15*c**2 - 27*c + 6993. Give b(-4).
93
Let j(h) = -h**2 - 25*h - 33. Let k = -5076 + 5052. Calculate j(k).
-9
Suppose -8 - 16 = 3*j. Let g(i) = i**2 - 2*i + 3. Let t be g(1). Let d(k) = 2822*k**2 - 8 - 1410*k**t - 1413*k**2 - 10*k. Determine d(j).
8
Let c = 1867 - 756. Let s = c + -1116. Let u(j) = -5 + j**3 - 7*j + 4*j**2 - 2 + 2. What is u(s)?
5
Let m be -4 + 4 + (-8)/(-1). Suppose 8*v = -m*v - 160. Let y(h) = h**2 + 10*h - 6. Give y(v).
-6
Let x(u) = 1243*u - 2494*u + 1259*u - 91. Calculate x(14).
21
Let b(t) be the first derivative of t**3 - 3*t + 1. Let k(h) = h + 2*h**2 - 5*h**2 + 0*h - 6 + 10*h**2. Let f(d) = 5*b(d) - 2*k(d). Give f(4).
5
Let f = 292 - 286. Let j(a) = -f*a - 1183 - 1184 + 2366. Determine j(-3).
17
Suppose 0 = -c - j - 9, -2*j = -265*c + 269*c + 32. Let r(i) = -i**2 - 10*i - 27. Calculate r(c).
-6
Suppose -3955*o - 12552 = -5524*o. Let y(a) = 0*a + 0*a + 13 - 2*a. Determine y(o).
-3
Let q(n) = 52*n - 5600. Let l be q(108). Let x(f) = -2*f**2 + 30*f + 4. What is x(l)?
-28
Let f(s) = -8*s**2 + 133*s + 32 + s**3 + 139*s + 137*s - 547*s + 139*s. What is f(6)?
-34
Let v(s) = 21*s + 17. Let t be v(-1). Let k(b) = -b. Let p(a) = 6*a - 4. Suppose -5*j - 20 = 4*y + 11, -5*y = j + 23. Let f(z) = y*k(z) - p(z). Determine f(t).
12
Let f(c) = c + 6. Let t = -3 - -5. Suppose t*x + z - 18 = -0*x, -5*x = 4*z - 48. Let d(m) = m**2 - 3*m - 46. Let l be d(x). What is f(l)?
0
Suppose -4*m + 9 = 25, 0 = 2*z - 5*m - 30. Suppose 9*q - z*q = -32. Let d be (-14)/q - 2/(-8). Let n(j) = 3*j - 1. Calculate n(d).
5
Let j(h) = -h + 2. Suppose 3*t = r + 395, -5*r - 108 = -t + 19. Suppose t = -6*a + 198. Give j(a).
-9
Let d = -22083 + 22084. Let a(t) = 17*t**2 - 2*t + 2. What is a(d)?
17
Let p(w) = -w**3 - 10*w**2 + 8*w - 5. Let b(c) = 16*c + 390. Let g be b(-25). What is p(g)?
-85
Let i(k) = 5*k**3 - k**2 + 2*k - 2. Let m be -2 - 2*42/(-28). Calculate i(m).
4
Let k(g) be the first derivative of -g**4/4 - g**3/3 - g**2/2 + 5*g + 2. Let m be ((4 - 3) + -1 + -1)*0. Suppose -12*u + 36*u = m. Give k(u).
5
Let m be -6*110/(-396)*1/10. Let g(o) be the second derivative of 0 - 33*o - 4/3*o**4 - m*o**3 - 1/2*o**2. What is g(-1)?
-16
Let v be (-444)/(-666) + ((-136)/(-6))/2. Let b(h) = -h**2 + 10*h + 34. Give b(v).
10
Let c(p) = 57*p + 81. Let s(m) = -4*m**2 - 20*m + 63. Let i be s(3). Let a(k) = -4*k - 17 + 7 - 3*k. Let g(t) = i*a(t) - 4*c(t). Calculate g(-4).
-6
Suppose -13 + 21 = 4*u. Let o(d) = -72*d - 2*d**u + 0*d**2 - 2 + 71*d. What is o(-2)?
-8
Suppose 4*i - 2*r = -4*r + 12, 0 = -4*r. Let m(j) = -6*j**2 + 2 - 3*j**3 - 4 - 4 - 9*j**3 + 11*j**i. Calculate m(-5).
-31
Let l = -40 + 39. Let u be (((-32)/20)/l)/(2/(-10)). Let v(n) = -11*n**2 - 8*n + 10*n**2 + 1087 - 1080. Determine v(u).
7
Let m(p) = p + 2. Let s be ((-84)/36 - (-2)/6) + -2. Let a be (22/s)/((-1)/(-2)). Determine m(a).
-9
Let i(n) = -3*n**2 + 29*n - 8. Let l(k) = k**2 - 10*k + 5. Let b(x) = -3*i(x) - 8*l(x). Give b(8).
-8
Let f(v) = -v**3 + 6*v**2 - 9*v. Suppose 3*k + 5*r - 37 = 0, 6*r - 3*r = k + 11. What is f(k)?
-4
Let f be (-10)/(-20)*(2 - 2)*